 a(b) = b**3 - 5*b**2 - 7*b - 4. Suppose 0*f - f + 3 = 0. Suppose -8 = -f*x + 2*u, 3*x = 6*x + 4*u - 38. Give a(x).
-10
Let f(y) = 6 + 5*y + y**2 + 5*y**2 - 5 - 2*y**2. Let j be f(-2). Let w(v) = v**3 - v + 10 + 6*v**3 - 2 - j. Calculate w(1).
7
Let z(m) = -11*m**2 - 6*m - 1. Let r(n) = n**2 + n. Let h(s) = 5*r(s) + z(s). Calculate h(2).
-27
Let a(l) = l**3 - 4*l**2 - 5*l + 4. Let n be a(5). Let s(d) = 2 + 7*d - n - 2*d - d. Let w(p) = -8*p + 3. Let g(r) = -5*s(r) - 3*w(r). Determine g(2).
9
Let n(t) = t**3 + 6*t**2 - 2. Let l(b) = b + 2. Let w be l(0). Let r be ((-10)/(-6) - w)*0. Suppose -2*a - 12 + 0 = r. Give n(a).
-2
Suppose -5*y - 3*t + 27 = 0, 2*y - t - 2*t + 6 = 0. Let q be (y + -5 - -2)*2/(-4). Let n(k) = -k**2 + k - 2. Give n(q).
-2
Let j(h) be the second derivative of -h**5/120 - 5*h**4/24 + h**3/6 + h**2 + 2*h - 20. Let r(p) be the second derivative of j(p). Give r(-10).
5
Let y(w) = w - 12. Suppose 5*g = -s - 482, -2*g = -3*s - s + 184. Let u = g + 101. Calculate y(u).
-7
Let q(r) = -65*r**3 + 8*r**2 - 5*r - 8. Let j(t) = 43*t**3 - 5*t**2 + 3*t + 5. Let g(c) = -8*j(c) - 5*q(c). Determine g(1).
-18
Let a = 31 + -29. Let x(q) = 0*q + 1 + a*q + 0 - 3*q - 7*q**2. Suppose -5*p + 4 = -p. Calculate x(p).
-7
Let s(m) = 0*m**3 - 5*m**2 + 2*m + 5*m**3 - m**3 + 1 - 3*m**3. Let h = -1557 - -1561. What is s(h)?
-7
Let b(z) = 861*z**2 + z**3 - 36 + 33 - 876*z**2. Let l(h) = 2*h + 1. Let q be l(7). Calculate b(q).
-3
Let t(y) = -y. Let i(r) = r**2 + 1. Let o be i(-1). Suppose o*x - 6 - 2 = 0. Suppose 41 = -3*f - 5*a, -5*a - x = -4*a. Give t(f).
7
Let d(s) = 71 + 40*s**2 - 39*s**2 + 4*s - 73. Suppose -c + 4 = -2*c. Give d(c).
-2
Suppose -2*f - 2*f = -2*v - 368, -3*f + 265 = 4*v. Suppose 12 = -93*w + f*w. Let i(z) be the first derivative of z**2/2 + z - 1. Calculate i(w).
-5
Let i(y) = 39 + 33 - 86 - 3*y + 49. What is i(9)?
8
Let d be (-1 - 8)*23/(-69). Let m(j) be the third derivative of j**5/120 + j**4/8 + j**3/3 + j**2. Let w(t) be the first derivative of m(t). Calculate w(d).
6
Let b be (474/1185)/(((-2)/20)/(-1)). Let l(g) = g**2 - 3*g - 2. Calculate l(b).
2
Let x(l) = -3*l**3 - 2 - 2*l + l**3 + 794*l**2 - 793*l**2 + 6*l**3. Determine x(-1).
-3
Let t(p) be the first derivative of -p**3/3 - 7*p**2 + 3*p - 351. What is t(-13)?
16
Let q = 36 - 32. Let m = 2 - 2. Suppose -2*j + 0*s + q = 4*s, m = 2*j + 3*s - 5. Let w(o) = o**2 - 6*o + 6. What is w(j)?
-2
Let l(m) be the second derivative of -m**4/12 - m**3/3 + m**2 + m. Let n be l(-2). Let x be 0/n - -5 - -1. Let w(a) = a**2 - 5*a - 1. Calculate w(x).
5
Let v(z) = -116*z - 25 + 69*z + 52*z. Calculate v(6).
5
Let v(m) = -13*m - 25. Let y(o) = -9*o + 6 + 6*o + 6*o. Let b(s) = 2*v(s) + 9*y(s). Suppose 5 = -2*r - n - 2*n, -4*r - 25 = n. Give b(r).
-3
Suppose 0*f - 18 = -3*f + 3*x, 9 = -3*x. Let k(h) = 2*h. Calculate k(f).
6
Let h(y) = y**2 + 7*y + 6. Suppose 7*s - 4*s - 9 = 0, -j - 19 = -4*s. Give h(j).
6
Let x = -12 + 14. Suppose 20 = -4*b + b - x*z, b + 35 = 5*z. Let k = b + 7. Let t(n) = -n. Calculate t(k).
3
Let z(y) = y**2 - 5*y - 11. Let o be (-1 - 8/(-3))/(3/9). Give z(o).
-11
Let m = 49 + -56. Let c(y) = y**2 + 3*y + 2. Let p(k) = 2*k**2 + 7*k + 3. Let n(z) = 5*c(z) - 3*p(z). Determine n(m).
-6
Let s(a) be the third derivative of -a**4/12 - a**3 - 3397*a**2 - 2. Let n be (0 - -1)/(2/4). Let x be (1 - 5)/(-1 + n). Give s(x).
2
Let i be (-63)/27 + (1 - 4/6). Let y(w) = 5*w**3 - w**2 - w + 1. Give y(i).
-41
Suppose 3*d = 3*x, -d + 5*d = 12. Let s(f) = -4*f + 7*f**2 + 6 + x*f**2 - 13*f**2 + 2*f**2. Calculate s(-5).
1
Let i(g) = 39*g**2 - g + 1. Suppose 63 = 4*b + 59. What is i(b)?
39
Let i(x) be the first derivative of -2*x**2 - 2*x - 139. Calculate i(-3).
10
Suppose 2*i - 13 = -x + 2, 0 = -5*x + 5. Let p(q) = -2*q + 9. Give p(i).
-5
Let q(d) be the first derivative of -2*d**3/3 + d**2/2 + 172. Calculate q(2).
-6
Let x(r) = r**3 + 20*r**2 - 2*r - 27. Let u = 1468 - 1488. What is x(u)?
13
Let i be 64/(-20) + 1/5. Let f(l) = -5*l**3 + 5*l**2 + 3*l - 4. Let n(h) = -4*h**3 + 4*h**2 + 2*h - 3. Let z(p) = i*n(p) + 2*f(p). What is z(2)?
9
Let y be (-4 + -11*1/(-3))*3. Let i(f) = 29*f + 1. Calculate i(y).
-28
Let t(c) = 12 - 446*c + 4*c**2 - 2*c**2 + 465*c. What is t(-9)?
3
Let z(f) = 1358 - 1358 + 8*f**3. Let x = 2 + -3. Calculate z(x).
-8
Let l be (-1 - (-2)/6)*3. Let i(u) = -5. Let n(m) = -3. Let v(t) = 4*i(t) - 7*n(t). Let y(f) = -f + 11. Let o(d) = l*v(d) - y(d). Give o(6).
-7
Let k(v) be the second derivative of 0 + 3*v**2 + 7*v - 1/6*v**3. Suppose o + 3*z = -1, -4*z = -o + 8 + 5. Give k(o).
1
Let i(v) = v**3 - 5*v**2 + 1. Let s = 119 - 17. Let q = s + -73. Suppose -q = -4*c - 9. Determine i(c).
1
Let d(j) = 2*j**2 - 4*j**2 - 2*j - 2 - 5*j - 2 + 12*j. Give d(5).
-29
Let m(s) = 2*s - 3. Let h(p) be the first derivative of -p**2 + 2*p - 14. Let g(v) = 4*h(v) + 3*m(v). Calculate g(1).
-3
Let z(v) = v - 2. Suppose 0*c + 5*c - r - 41 = 0, 3*r = 5*c - 43. Suppose -4*a + 0*a + c = 0. Suppose -g = -0*g + a. What is z(g)?
-4
Let o(i) = i**2 + 12*i + 9. Let k be o(-12). Let l(v) = 3 + k - 2*v - 7. Let m be (-40)/(-6) + (-3)/(-9). Calculate l(m).
-9
Let f(c) = 10*c - 11. Let k(u) = 30*u - 31. Let a(j) = -11*f(j) + 4*k(j). What is a(2)?
17
Let m(h) = -h. Let n(t) = -t + 1. Let a(o) = -3*m(o) + 2*n(o). Let y be 3/2*16/(-24). Let b be (1*y)/((-13)/39). Determine a(b).
5
Suppose 6*k + 14 - 62 = 0. Let l(m) = m**2 - 9*m - 5. Calculate l(k).
-13
Let y(n) be the third derivative of -n**5/60 + n**4/8 - n**3/3 + 39*n**2 - n. What is y(4)?
-6
Let l be (-1 + -1)/(231/(-22) + 10). Let b(f) = 5*f - 14. What is b(l)?
6
Suppose 5*k - 73 = -3*v, 4*k + k = 4*v - 39. Let o(i) = i - 11. Calculate o(v).
5
Let a(d) = 2*d - 8. Suppose -153 = -28*o + 127. Give a(o).
12
Suppose -3*o = -87 + 93. Let c(k) be the first derivative of k**2/2 + k - 6. Give c(o).
-1
Suppose 38 = 3*w - 10. Suppose 0 = 19*v - w*v - 30. Let b(a) = -a**3 + 20*a**2 - 2*a - 15*a**2 - v*a**2 - 5. Give b(-4).
-13
Let l(f) be the second derivative of f**6/720 + f**5/10 + 5*f**4/4 - 10*f. Let t(p) be the third derivative of l(p). Give t(-6).
6
Let j(k) be the third derivative of k**5/6 - k**3/6 + 2*k**2 - 470*k. Determine j(1).
9
Let p(r) = -8*r - 16. Let i(d) = -3*d - 7. Let x(k) = 5*i(k) - 2*p(k). Give x(-5).
-8
Let b(v) = -20*v**3 - 2*v**2 - 1. Let w(l) = -103*l**3 - 11*l**2 - 5. Let z(q) = 11*b(q) - 2*w(q). Give z(-1).
13
Let q(w) be the second derivative of -w**4/12 + 5*w**3/3 - 23*w**2/2 + 2*w - 241. Give q(7).
-2
Let p(x) = -x**3 + 6*x**2 + x - 8. Let u be p(0). Let o(q) = -q**2 - 5*q + 19. Give o(u).
-5
Let i(m) = -m**3 - 7*m**2 + 4. Let b be (-2)/9 - (-520)/(-90). Let d be 21/(b + 3)*1. What is i(d)?
4
Let h(q) = 2*q**2 - 2*q - 13. Let j be h(0). Let v = -13 - j. Let x(d) = d**2 + 17. What is x(v)?
17
Let f be 196/10 + 18/45. Let p be (-8)/f - (1 + 8/5). Let y(g) = 3*g**2 + 3*g + 4. What is y(p)?
22
Let s(p) = -3*p + 11. Let d(y) = 5*y - 17. Let l = -20 - -28. Let a(c) = l*s(c) + 5*d(c). What is a(6)?
9
Suppose -25 = -5*l + b, 14 + 11 = 5*l + 2*b. Suppose -5*y - 25 = -l*r, -2*y + 8 - 26 = 2*r. Let m(t) = -t**3 - 7*t**2 + 2*t - 6. Calculate m(y).
-20
Let b(m) = -m**3 - 6*m**2 + m + 2. Let d(n) = 2*n**3 + 8*n**2 - 3. Let a(y) = 3*b(y) + 2*d(y). Determine a(0).
0
Suppose 34*s = 132 + 72. Let p = 5 - 2. Let t(c) = 8 + 0*c**p - 6*c**2 - c**3 + 2*c**3 - c. Calculate t(s).
2
Let t = -41 + 43. Let w(x) = 0*x**2 + x**t + 0*x**2 + 6*x - 7*x - 6*x**3. Give w(1).
-6
Let r(j) = 4*j - 2. Let a(t) = -t**3 + 14*t**2 + 9*t + 30. Let i be a(15). Let z = i - -62. Calculate r(z).
6
Let p(h) be the second derivative of 3*h + 0 - 1/2*h**2 + 1/12*h**4 + 1/4*h**5 + 0*h**3. Let c be p(-1). Let m(d) = -d + 1. Calculate m(c).
6
Let o(v) = v**2 + 3*v. Let p(u) = -8*u**2 - 12*u - 7. Let d(z) = -6*o(z) - p(z). What is d(4)?
15
Let u(t) = 5*t + 125*t**2 + 0 - 255*t**2 + 131*t**2 - 1. Let j = -6 + 11. Suppose -j*f - 4 = 21. What is u(f)?
-1
Let q = -23 + 17. Let t(a) = a + 16. Let b(k) = -1. Let x(i) = q*b(i) - t(i). What is x(-8)?
-2
Let u be -2*11*1*(3 - 4). Let g(s) = -12 + 2 + 2*s + u - s. What is g(-8)?
4
Let m(x) = 3*x - 1. Let g(z) = -18*z + 37. Let p(s) = g(s) + 5*m(s). What is p(11)?
-1
Suppose 5*v = 4*g + 23 + 11, 5*v = -5*g - 20. Let x(t) be the third derivative of t**6/12